*3 - 12*i**2 + 13*i + 1. Let r(d) = d + 21. Let a be r(-10). What are the prime factors of z(a)?
23
Suppose -16*m - 10980 = -22*m. What are the prime factors of m?
2, 3, 5, 61
Suppose -6291 = -4*w - 8*m + 7*m, 2*m = -w + 1571. List the prime factors of w.
11, 13
Suppose -k = -24*k + 29624. List the prime factors of k.
2, 7, 23
Suppose -i = -o + 314, 3*i + 2*i + 613 = 2*o. List the prime factors of o.
11, 29
Let v(x) = -x**3 + 15*x**2 + 10*x + 5. Let i(p) = p**3 - 16*p**2 + 15*p + 15. Let u be i(15). List the prime factors of v(u).
5, 31
Let l(w) = -20*w - 13. Let m be l(-13). Let v = -146 + m. Let s = v + -65. List the prime factors of s.
2, 3
Let q = -2931 - -5593. Suppose -q = -18*d + 2198. What are the prime factors of d?
2, 3, 5
Suppose 0 = -3*j + 21 - 6. List the prime factors of (0 + -3 - 30)/(j + -6).
3, 11
Let l = 1 - -4. Suppose -l*y - 44 - 16 = 0. Let t = y - -21. What are the prime factors of t?
3
Let h(v) = 7*v**2 - 9*v + 1. Let s(d) = d**2. Let p(a) = h(a) - 5*s(a). What are the prime factors of p(9)?
2, 41
Let j = -679 + 4701. What are the prime factors of j?
2, 2011
Let c(j) be the second derivative of -j**5/4 - j**3/6 + j**2/2 + 8*j. What are the prime factors of c(-2)?
43
List the prime factors of 1059/5 - (24/10)/(-12).
2, 53
Suppose 3*h + 8 = -1. List the prime factors of 2 + -2 - (1 + h + -22).
2, 3
Let y be -7*(1 - (-474)/(-14)). Suppose -2*m = 5*k - 265, 2*m + y = -0*k + 4*k. List the prime factors of k.
5, 11
Suppose -5*k = -4*n + 16, 0 = 4*k + 4*n - 4 - 12. Suppose -2*i + 2 = -k*i. What are the prime factors of -4 - -52 - (-2 - i)?
3, 17
Let i(w) = -w**2 - w + 1. Let q(v) = v**2 - v. Let l(c) = -3*i(c) + q(c). Let g be l(-3). Suppose -g = -2*s + 141. List the prime factors of s.
2, 3, 7
What are the prime factors of (-66)/44 - (-10)/(-4) - -665?
661
Let y(l) = -l**2 + 5*l + 2. Let b be y(3). Let r(q) = 2*q - 4. Let k be r(b). Suppose -4*s + k = -32. What are the prime factors of s?
11
Suppose -28*i - 616 = -29*i. Suppose p = 4*a + 322, -4*p + 3*a = -i - 646. What are the prime factors of p?
2, 157
Suppose 121*r + 10174 = 124*r + 5*x, -3*r + 4*x = -10156. What are the prime factors of r?
2, 7, 11
Let w(x) = -128*x**3 - 5*x**2 - x + 4. List the prime factors of w(-2).
2, 5, 101
List the prime factors of (-15 - 1)*(-9063)/228.
2, 3, 53
Suppose -6 + 3 = -x. Suppose -6 = v - x*v. Suppose -53 = -h + 4*n, v*h = 4*n - 0*n + 135. List the prime factors of h.
41
Let o(m) = m**2. Let l(v) = 3*v + 1. Let t be l(1). Suppose p - 2 = z - t, 20 = -p - 5*z. What are the prime factors of o(p)?
5
Let u(m) = -1 - m + 0*m - 2*m**2 + m**2. Let w be u(3). Let y = -11 - w. What are the prime factors of y?
2
Let s = -30 + 35. Suppose s*y = 24 + 1. List the prime factors of y.
5
Let i(u) = -144*u + 46. What are the prime factors of i(-7)?
2, 17, 31
Let i(b) = 18*b**3 - b**2 + 9*b - 10. What are the prime factors of i(3)?
2, 13, 19
Suppose 0 = 4*c + 2*a - 369 - 303, 3*c - 494 = a. Let q = c - 84. What are the prime factors of q?
2, 41
Let v be (1 + -1 - 3) + 0 + 0. List the prime factors of 3*1/v*-78.
2, 3, 13
Suppose 0 = 9*j - 4*j - 45. Suppose -15*p + j*p = -606. What are the prime factors of p?
101
List the prime factors of (8/2 - 722/6)*-3.
349
What are the prime factors of (2/(-10))/((-2)/56470)?
5647
Suppose 14 - 23 = -3*n. What are the prime factors of (16/(-3))/(n/(-45))?
2, 5
Let s = 6398 + -3130. List the prime factors of s.
2, 19, 43
Suppose 6*n - 3*n - 3*q = 4389, 0 = 3*n + 2*q - 4369. List the prime factors of n.
1459
Let g be (7/(-7))/((-2)/6). Suppose -g*m = -3*q + 12 - 78, 27 = -q + 2*m. Let d = q + 23. What are the prime factors of d?
2, 3
Suppose 15*r = -3*d + 18*r + 8085, 4*r = -d + 2675. What are the prime factors of d?
3, 13, 23
Let m(x) = -x**3 - x**2 + 2*x - 5. Let v be m(5). Let p = 204 + v. What are the prime factors of p?
59
Let v(f) be the third derivative of -f**4/24 + 8*f**3/3 - 11*f**2. List the prime factors of v(-16).
2
Suppose -4*u = -16*u + 948. Let s = 153 - u. What are the prime factors of s?
2, 37
Suppose 8 = 2*n - h + 23, 0 = 2*n + h + 5. Let v(x) = -6*x + 20. What are the prime factors of v(n)?
2, 5
Suppose -5*a + 23 = 2*x, -a + 8 = 2*x + a. Let p(q) = 45*q**2 - 2*q - 1. What are the prime factors of p(x)?
2, 23
Suppose 5*l = -g - 75, -2*l + 3*l = -2*g - 24. Let s = 19 + l. Suppose s*m - 11 + 86 = 5*v, 18 = v - 2*m. List the prime factors of v.
2, 3
Let q(a) = a**2 - 27*a + 196. List the prime factors of q(7).
2, 7
Let b = -16 - -14. Let v(m) = 12*m**2 + 2*m. List the prime factors of v(b).
2, 11
Let b be (-122 - 5)/(2 + -3). Suppose g - b = -6. What are the prime factors of g?
11
Suppose -26*n + 17*n = -14121. What are the prime factors of n?
3, 523
List the prime factors of (2 + 13)*1*15.
3, 5
Suppose 710 = h + 5*l - 10*l, 3508 = 5*h - 4*l. What are the prime factors of h?
2, 5, 7
Suppose -v + 5*d - 36 = -106, 5*v + 4*d = 495. What are the prime factors of v + (-4 - (-3 + -1))?
5, 19
Let k be (-2 - -112)/(-4 - -3). Let d = 184 + k. List the prime factors of d.
2, 37
Let p be 1385/15 - 2/6. Let t = p - 47. List the prime factors of t.
3, 5
Let y = -2 + 2. Let d be 3 + (y - 8)*-9. Suppose -d = -4*t - c, 2*t = -5*c + c + 48. What are the prime factors of t?
2, 3
Let o = -15 - -16. Let a be (o - 16)/((-12)/(-16)). Let y = a + 27. List the prime factors of y.
7
Let u(w) be the second derivative of -8*w + 4/3*w**4 + 0 - 1/20*w**5 + 1/3*w**3 + w**2. List the prime factors of u(16).
2, 17
Let c = -258 - -649. What are the prime factors of c?
17, 23
Suppose 0 = -4*y - 5*c + 31, 0*c - c - 61 = -4*y. Let o = y + 77. What are the prime factors of o?
7, 13
Suppose g + 183 = -3*n, 2*g + 174 = -3*n + 4*g. Let s = n - -223. What are the prime factors of s?
163
List the prime factors of (-204)/136*5836/(-6).
1459
List the prime factors of 616 - -21*3/9.
7, 89
Suppose -4*z + 0*z = 0. Suppose -19*k + 16*k + 231 = z. List the prime factors of k.
7, 11
Suppose 0 = -11*o + 349 - 118. Suppose 5*f = o + 519. List the prime factors of f.
2, 3
What are the prime factors of (2637/6)/((-5)/4 - -2)?
2, 293
Let o be (-10)/2 - (-2 - 2). Let k = 1 + o. Suppose k = h - 1 - 2, 3*b - 6 = h. What are the prime factors of b?
3
Let v(u) = 467*u + 120. What are the prime factors of v(5)?
5, 491
Suppose -5*o + 5 = 15. List the prime factors of (-147)/o - (-16)/(-32).
73
Suppose -6*j - 16 = -2*j, -j + 1 = a. Suppose 9 = 2*r - a. Let q = 24 - r. List the prime factors of q.
17
Let w(b) = -60*b + 2273. List the prime factors of w(0).
2273
Let n = -12 + 14. Suppose -3*f + 4 = -n. List the prime factors of f.
2
Suppose 2*f + 2*b = -42, -8*f - 4*b - 100 = -3*f. Let h = f - -34. Let v(c) = c**2 - 18*c + 19. What are the prime factors of v(h)?
19
Let b = -4 - -7. Suppose k - 6 = -b. Suppose 1 = k*u - 32. What are the prime factors of u?
11
Let t(w) = -3*w + 15. Let o be t(-11). Let f be (-3)/2*(-32)/o. Suppose 0 = -2*r + 63 + f. What are the prime factors of r?
2
Suppose 3*u = -z - 0*u + 18, 5*z - 30 = -3*u. Suppose z*j = -0*j + 189. Suppose -4*a - 4*q = -220, -q = a - 2*q - j. List the prime factors of a.
59
Suppose -6*p = -2105 - 997. What are the prime factors of p?
11, 47
Suppose p - 2 + 4 = 0, -2*r + 5*p + 242 = 0. What are the prime factors of r?
2, 29
Suppose 0 = 33*t - 34*t + 136. List the prime factors of t.
2, 17
Let n(l) be the third derivative of l**6/120 + l**5/60 + 23*l**3/3 - 6*l**2. What are the prime factors of n(0)?
2, 23
Suppose 10 + 0 = 4*d + 3*c, d = -2*c. Suppose -j + 9 = -4*z, -d*j - 2*z + 9 = -3*j. List the prime factors of j.
3
Suppose -4*x - 3*q = -54, -5*x + 3*q + 21 = -33. List the prime factors of x.
2, 3
Let i be (147/14 - 8)*(-1 + -57). Let b = i - -222. What are the prime factors of b?
7, 11
Let l(f) = 2*f**2 - 4*f + 7. Let h be (42/(-18))/(3/9). What are the prime factors of l(h)?
7, 19
Let b = 22 + -5. Let y(h) = h**3 - 16*h**2 - 4*h - 40. List the prime factors of y(b).
181
Let x(l) = 3*l**2 - 4*l - 1. Let f be x(3). Let d = f - 1. Suppose 4*c - d - 15 = 0. List the prime factors of c.
7
Suppose 5*x - 10 = 5*y, x + 0*x = -2*y + 8. Suppose r - 2 = 0, 2*j = y*r + r + 154. What are the prime factors of j?
2, 5
What are the prime factors of (5 + -1)/((-11)/(-814))?
2, 37
What are the prime factors of (-268 - 20/(-4))*